base 14) in base 10?
324
What is -a425 (base 12) in base 16?
-45dd
-20103 (base 6) to base 8
-5107
What is 100000000 (base 2) in base 8?
400
5 (base 13) to base 16
5
Convert 37395 (base 10) to base 7.
214011
What is -1416a (base 11) in base 12?
-b802
374 (base 13) to base 10
602
What is -1a94 (base 15) in base 11?
-4370
Convert 12120020 (base 3) to base 16.
fd8
What is 202201 (base 3) in base 16?
22f
Convert 3f3 (base 16) to base 4.
33303
30355 (base 6) to base 3
12112022
Convert -1055 (base 10) to base 13.
-632
Convert 4571 (base 8) to base 6.
15121
What is -1101 (base 5) in base 4?
-2113
Convert -10010001101 (base 2) to base 7.
-3253
114545 (base 9) to base 4
100311230
What is 9a2 (base 14) in base 12?
112a
Convert 261 (base 10) to base 12.
199
-2038 (base 9) to base 4
-113111
What is -7113 (base 11) in base 6?
-111432
Convert 10001011101 (base 2) to base 10.
1117
Convert 2530 (base 10) to base 4.
213202
-15d (base 16) to base 7
-1006
What is 20102001 (base 3) in base 9?
6361
Convert 112011 (base 3) to base 2.
101111110
What is -262 (base 13) in base 10?
-418
1201141 (base 5) to base 4
11120132
718b (base 14) to base 15
5bbc
354 (base 11) to base 7
1142
What is 2a8 (base 15) in base 6?
2452
-1c29 (base 13) to base 7
-15264
Convert -21110101 (base 3) to base 11.
-40a3
Convert -10396 (base 11) to base 6.
-153541
What is 3421 (base 14) in base 4?
2031111
-947c (base 14) to base 2
-110001111110110
28497 (base 10) to base 15
869c
-1210 (base 9) to base 7
-2424
What is 32156 (base 7) in base 9?
11845
Convert 11000010001110 (base 2) to base 9.
18041
Convert -800 (base 11) to base 4.
-33020
-35742 (base 9) to base 4
-11311331
-5b9 (base 16) to base 12
-a21
Convert 200 (base 12) to base 13.
192
270 (base 16) to base 11
518
What is -4404 (base 7) in base 6?
-11140
5 (base 7) to base 14
5
What is -5e (base 16) in base 15?
-64
0 (base 8) to base 7
0
Convert 101312 (base 4) to base 15.
512
What is -24c (base 16) in base 7?
-1500
-32202120 (base 4) to base 7
-335412
-18345 (base 9) to base 3
-122101112
11449 (base 12) to base 7
124224
Convert 6093 (base 12) to base 8.
24357
What is -2043 (base 7) in base 13?
-432
What is -149 (base 16) in base 2?
-101001001
Convert 3bd (base 15) to base 6.
3541
Convert 60067 (base 9) to base 3.
2000002021
Convert -130312 (base 4) to base 16.
-736
-1321 (base 4) to base 15
-81
What is -45e0 (base 15) in base 8?
-34763
What is 110111010 (base 2) in base 7?
1201
Convert 2011011 (base 3) to base 5.
22240
What is 5b5d (base 14) in base 2?
11111001010111
What is -343423 (base 5) in base 4?
-3001023
Convert -15234 (base 6) to base 11.
-1946
-223050 (base 6) to base 8
-44606
5255 (base 8) to base 6
20353
167625 (base 8) to base 6
1151541
What is -3000122 (base 4) in base 13?
-57b3
Convert -204 (base 8) to base 14.
-96
3a47 (base 13) to base 15
2710
Convert 6571 (base 9) to base 5.
123333
Convert 773 (base 16) to base 5.
30112
1310102 (base 5) to base 8
62064
What is -2001 (base 5) in base 16?
-fb
What is -113452 (base 6) in base 16?
-26a8
Convert -12243 (base 5) to base 4.
-32310
Convert 22b (base 14) to base 9.
528
-404201 (base 5) to base 12
-7677
What is -36ab0 (base 12) in base 10?
-74148
-1403 (base 13) to base 5
-43001
a1 (base 13) to base 5
1011
-e6a0 (base 15) to base 5
-3030000
Convert -768a (base 15) to base 14.
-9213
Convert -210230 (base 5) to base 13.
-320b
Convert 135040 (base 6) to base 8.
30740
What is -1100212212 (base 3) in base 4?
-12210020
Convert 22014 (base 5) to base 6.
10553
Convert 320101 (base 4) to base 7.
13333
-1355 (base 11) to base 14
-8d4
What is -6783 (base 10) in base 16?
-1a7f
13a16 (base 13) to base 6
442353
Convert -17bc9 (base 13) to base 12.
-22724
-10002012 (base 3) to base 8
-4306
Convert 111202 (base 3) to base 5.
2441
1001111001000000 (base 2) to base 9
61513
What is 12121 (base 3) in base 10?
151
What is 101001 (base 3) in base 10?
271
What is 8456 (base 13) in base 12?
a72b
What is 141102 (base 5) in base 16?
1691
What is 1111001100100 (base 2) in base 16?
1e64
-294b (base 13) to base 7
-23300
-1166 (base 7) to base 5
-3230
3361 (base 10) to base 4
310201
What is -1210203 (base 4) in base 13?
-2c10
Convert 20120221 (base 3) to base 7.
20002
9558 (base 12) to base 3
211102012
Convert -10010101 (base 2) to base 5.
-1044
2530 (base 7) to base 5
12302
66422 (base 7) to base 9
24778
a4 (base 13) to base 5
1014
Convert 200102211 (base 3) to base 5.
412231
What is -dca4 (base 16) in base 3?
-2212111000
What is -1142030 (base 5) in base 15?
-6595
Convert 443323 (base 5) to base 12.
8b47
Convert 21010 (base 3) to base 8.
300
What is -26102 (base 9) in base 16?
-44ab
What is 40514 (base 8) in base 13?
77bb
a7 (base 15) to base 5
1112
Convert -8612 (base 10) to base 5.
-233422
What is -120020111 (base 3) in base 5?
-323420
-10011101011110 (base 2) to base 3
-111211021
5a4 (base 15) to base 2
10011111111
What is 19144 (base 11) in base 3?
1100202012
1bd (base 14) to base 6
1403
Convert -35333 (base 6) to base 2.
-1001111101001
Convert -51a6 (base 13) to base 9.
-16434
-10100110 (base 2) to base 8
-246
What is -31265 (base 7) in base 15?
-242b
Convert -1b74 (base 15) to base 4.
-1131013
Convert -331102 (base 5) to base 7.
-45146
Convert -e3c (base 15) to base 13.
-15c9
What is -191 (base 10) in base 2?
-10111111
-29 (base 11) to base 10
-31
Convert 1767 (base 8) to base 4.
33313
128 (base 14) to base 7
451
23203 (base 5) to base 2
11010001110
What is -621 (base 10) in base 7?
-1545
What is -413 (base 10) in base 3?
-120022
-10112012 (base 5) to base 4
-110003110
What is 1313203 (base 5) in base 16?
65c5
What is 7c (base 16) in base 6?
324
-252551 (base 7) to base 9
-70812
Convert 3623 (base 7) to base 14.
6ba
11022113 (base 4) to base 6
241515
301 (base 10) to base 12
211
What is 1358 (base 9) in base 11?
852
Convert -312513 (base 6) to base 12.
-12739
Convert -3ae3 (base 16) to base 11.
-10365
What is -376 (base 9) in base 12?
-220
Convert 2b03 (base 14) to base 4.
1313133
Convert 340 (base 7) to base 16.
af
Convert -348 (base 16) to base 13.
-4c8
27715 (base 8) to base 9
17706
What is -1537 (base 13) in base 12?
-1954
What is -11b92 (base 16) in base 3?
-10200120200
-42716 (base 11) to base 5
-3441330
-351305 (base 6) to base 4
-13112321
3784 (base 14) to base 9
14300
What is -2bab8 (base 12) in base 14?
-1888c
Convert -1682 (base 9) to base 5.
-20124
What is -132467 (base 8) in base 12?
-22a1b
What is 50668 (base 9) in base 11?
23071
-2204 (base 5) to base 7
-613
1110 (base 3) to base 2
100111
What is 323020 (base 5) in base 6?
122550
What is 26db (base 14) in base 15?
2072
What is -13928 (base 10) in base 11?
-a512
-32736 (base 10) to base 16
-7fe0
Convert -1231 (base 5) to base 9.
-232
10042 (base 5) to base 10
647
Convert -3010 (base 4) to base 3.
-21021
What is -101313 (base 4) in base 11?
-94a
-1034 (base 9) to base 10
-760
Convert -120000101 (base 3) to base 6.
-122401
What is -237756 (base 8) in base 6?
-1431102
What is a3ce (base 16) in base 4?
22033032
Convert -914 (base 12) to base 4.
-110200
Convert -42051 (base 8) to base 11.
-12123
Convert 1110111100 (base 2) to base 16.
3bc
Convert -2593 (base 12) to base 7.
-15333
1a96 (base 11) to base 10
2646
What is -2044 (base 7) in base 6?
-3154
Convert 101111110011 (base 2) to base 4.
233303
-213032 (base 4) to base 11
-1982
What is -12223 (base 8) in base 7?
-21233
-1402 (base 5) to base 7
-443
What is -1210110 (base 3) in base 16?
-51c
22180 (base 12) to base 13
17736
-1011010011011 (base 2) to base 9
-7840
What is -460 (base 9) in base 14?
-1d0
-189 (base 12) to base 9
-306
110100111111100 (base 2) to base 4
12213330
Convert 14aa (base 16) to base 12.
308a
568 (base 10) to base 15
27d
What is 1003 (base 16) in base 11?
3097
Convert 5269 (base 14) to base 15.
4320
Convert -10010010101 (base 2) to base 11.
-977
What is 2b96 (base 13) in base 6?
45304
b330 (base 15) to base 5
2202340
Convert -3543 (base 7) to base 2.
-10100011001
-7185 (base 10) to base 14
-2893
Convert 1704 (base 10) to base 9.
2303
Convert 2705 (base 13) to base 11.
4215
Convert 43c (base 13) to base 6.
3211
1659 (base 15) to base 7
20010
e85 (base 16) to base 12
2199
What is -20022 (base 3) in base 14?
-c2
52746 (base 8) to base 11
15581
c29 (base 14) to base 16
955
